{"id":810,"date":"2017-06-12T15:50:38","date_gmt":"2017-06-12T14:50:38","guid":{"rendered":"https:\/\/green-family.pt\/darphin\/loja\/colecoes\/hydraskin\/rose-aromatic-care\/"},"modified":"2025-07-29T15:16:06","modified_gmt":"2025-07-29T14:16:06","slug":"rose-aromatic-care","status":"publish","type":"product","link":"https:\/\/green-family.pt\/darphin\/loja\/as-nossas-solucoes\/hidratar\/rose-aromatic-care\/","title":{"rendered":"Rose Aromatic Care"},"content":{"rendered":"<p>A Cole\u00e7\u00e3o de ELIXIRES DE \u00d3LEOS ESSENCIAIS ilustra o virtuosismo dos Laborat\u00f3rios Darphin. Os Elixires penetram profundamente, atuando como regeneradores, desintoxicantes e purificadores uma vez que promovem a elimina\u00e7\u00e3o de toxinas. Com ingredientes criteriosamente selecionados, oferecem resultados vis\u00edveis, enquanto oferecem uma fragr\u00e2ncia e experi\u00eancia sensorial \u00fanicas. Ricos em \u00d3mega 3 e 6, nutrem e fortalecem a pele.<\/p>\n<p>&nbsp;<\/p>\n<p><strong>ROSE AROMATIC CARE<\/strong><\/p>\n<p>O Rose Aromatic Care aproveita o poder hidratante e nutritivo da rosa para deixar a pele suave, radiante e flex\u00edvel. Com uma combina\u00e7\u00e3o de \u00f3leo essencial de rosa, absoluto de rosa, cera de flores e \u00f3leos de rosa mosqueta e onagra, ricos em \u00f3megas, este elixir deixa a pele visivelmente suave e radiante, mesmo a temperaturas extremamente baixas. Ideal para reduzir a secura e a desidrata\u00e7\u00e3o, despertando a pele ba\u00e7a e sem vi\u00e7o.<\/p>\n<ul>\n<li>Nutre a pele<\/li>\n<li>Fortalece a barreira cut\u00e2nea<\/li>\n<li>Suaviza a pele<\/li>\n<\/ul>\n<p><strong>Ideal para:<\/strong><\/p>\n<p>&#8211; Secura, Desidrata\u00e7\u00e3o<\/p>\n<p>&#8211; Opacidade, Perda de Brilho<\/p>\n<p>&#8211; Fortalecimento da Pele<\/p>\n<p><em>Para pele seca<\/em><\/p>\n","protected":false},"excerpt":{"rendered":"<p>NUTRIR. EQUILIBRAR. HIDRATAR.<\/p>\n<p>99% ingredientes de origem natural<\/p>\n<p>Com uma combina\u00e7\u00e3o tripla de rosa &#8211; \u00d3leo Essencial, Absoluto e Cera de Rosa \u2013 associada aos \u00d3leos de Rosa mosqueta e Pr\u00edmula ricos em \u00f3megas, este elixir deixa a pele visivelmente hidratada e com uma apar\u00eancia saud\u00e1vel, mesmo a temperaturas extremamente baixas. As mulheres que o testaram nos Alpes Su\u00ed\u00e7os adoraram o efeito na pele.<\/p>\n<p>Para pele seca<\/p>\n<p>15 ml<\/p>\n","protected":false},"featured_media":2781,"comment_status":"closed","ping_status":"closed","template":"","meta":[],"product_cat":[23,30,34],"product_tag":[79,182,118,78,189],"_links":{"self":[{"href":"https:\/\/green-family.pt\/darphin\/wp-json\/wp\/v2\/product\/810"}],"collection":[{"href":"https:\/\/green-family.pt\/darphin\/wp-json\/wp\/v2\/product"}],"about":[{"href":"https:\/\/green-family.pt\/darphin\/wp-json\/wp\/v2\/types\/product"}],"replies":[{"embeddable":true,"href":"https:\/\/green-family.pt\/darphin\/wp-json\/wp\/v2\/comments?post=810"}],"wp:featuredmedia":[{"embeddable":true,"href":"https:\/\/green-family.pt\/darphin\/wp-json\/wp\/v2\/media\/2781"}],"wp:attachment":[{"href":"https:\/\/green-family.pt\/darphin\/wp-json\/wp\/v2\/media?parent=810"}],"wp:term":[{"taxonomy":"product_cat","embeddable":true,"href":"https:\/\/green-family.pt\/darphin\/wp-json\/wp\/v2\/product_cat?post=810"},{"taxonomy":"product_tag","embeddable":true,"href":"https:\/\/green-family.pt\/darphin\/wp-json\/wp\/v2\/product_tag?post=810"}],"curies":[{"name":"wp","href":"https:\/\/api.w.org\/{rel}","templated":true}]}}