{"id":481,"date":"2017-02-26T20:03:34","date_gmt":"2017-02-26T20:03:34","guid":{"rendered":"http:\/\/176.58.117.211\/greenfamily\/darphin\/?post_type=product&#038;p=481"},"modified":"2025-07-29T17:15:16","modified_gmt":"2025-07-29T16:15:16","slug":"hydraskin-light","status":"publish","type":"product","link":"https:\/\/green-family.pt\/darphin\/loja\/as-nossas-solucoes\/hidratar\/hydraskin-light\/","title":{"rendered":"Hydraskin Light All-Day Skin-Hydrating Cream Gel"},"content":{"rendered":"<p>A pele \u00e9 um reservat\u00f3rio natural contendo 70% de \u00e1gua, a \u00e1gua \u00e9 o segredo do seu esplendor e aspeto saud\u00e1vel. Dia ap\u00f3s dia, as agress\u00f5es externas, o stress e polui\u00e7\u00e3o podem alterar esta reserva preciosa. Em consequ\u00eancia, a pele enruga-se, perde o seu esplendor e desidrata-se. A linha HYDRASKIN, com aromas frutados, aquosos e texturas que saciam a pele, inclui produtos que hidratam a pele.<\/p>\n<p>&nbsp;<\/p>\n<p><strong>HYDRASKIN LIGHT ALL-DAY SKIN-HYDRATING CREAM <\/strong><\/p>\n<p>O Hydraskin Light All-Day Skin-Hydrating Cream Gel \u00e9 um creme leve e ultra-hidratante, desenvolvido para peles normais a mistas. A sua textura refrescante e de r\u00e1pida absor\u00e7\u00e3o proporciona uma hidrata\u00e7\u00e3o duradoura e deixa a pele vi\u00e7osa e radiante durante todo o dia. A f\u00f3rmula inclui a nossa tecnologia patenteada HYDRA-STRUCTURE\u2122, enriquecida com Butterfly Lavender e Salicornia Herbacea, e atua sinergicamente em dois mecanismos de hidrata\u00e7\u00e3o para proporcionar hidrata\u00e7\u00e3o estrutural. O hidratante aumenta a filagrina para melhorar o equil\u00edbrio h\u00eddrico e aumenta os n\u00edveis de ceramida para fortalecer a barreira de hidrata\u00e7\u00e3o e prevenir a perda de \u00e1gua. A liberta\u00e7\u00e3o da f\u00f3rmula foi melhorada gra\u00e7as \u00e0 tecnologia de liberta\u00e7\u00e3o avan\u00e7ada, desenvolvida para modificar temporariamente a superf\u00edcie da pele, criar vias de liberta\u00e7\u00e3o e melhorar a biocompatibilidade dos ingredientes.<\/p>\n<p>+157% DE HIDRATA\u00c7\u00c3O DA PELE <sup>1<\/sup><\/p>\n<p>Hidrata\u00e7\u00e3o profunda e duradoura que fortalece a barreira de hidrata\u00e7\u00e3o da pele e deixa a pele visivelmente fresca e radiante durante todo o dia.<\/p>\n<p>1 ensaio cl\u00ednico em 10 mulheres imediatamente ap\u00f3s a sua utiliza\u00e7\u00e3o.<\/p>\n<p><strong>Ideal para:<\/strong><\/p>\n<p>&#8211; Manter a hidrata\u00e7\u00e3o<\/p>\n<p>&#8211; Pele desidratada<\/p>\n<p>&#8211; Pele opaca<\/p>\n<p><em>Pele normal a mista<\/em><\/p>\n","protected":false},"excerpt":{"rendered":"<p>HIDRATA. PREENCHE. PREPARA.<\/p>\n<p>85% ingredientes de origem natural<\/p>\n<p>Ofere\u00e7a \u00e0 sua pele uma hidrata\u00e7\u00e3o profunda durante 24 horas, deixando-a intensamente confort\u00e1vel e suave. A sua textura refrescante e de r\u00e1pida absor\u00e7\u00e3o proporciona uma hidrata\u00e7\u00e3o duradoura e deixa a pele vi\u00e7osa e radiante durante todo o dia.<\/p>\n<p>Pele normal a mista<\/p>\n<p>50 ml<\/p>\n","protected":false},"featured_media":2792,"comment_status":"closed","ping_status":"closed","template":"","meta":[],"product_cat":[7,18,34],"product_tag":[182,161,127],"_links":{"self":[{"href":"https:\/\/green-family.pt\/darphin\/wp-json\/wp\/v2\/product\/481"}],"collection":[{"href":"https:\/\/green-family.pt\/darphin\/wp-json\/wp\/v2\/product"}],"about":[{"href":"https:\/\/green-family.pt\/darphin\/wp-json\/wp\/v2\/types\/product"}],"replies":[{"embeddable":true,"href":"https:\/\/green-family.pt\/darphin\/wp-json\/wp\/v2\/comments?post=481"}],"wp:featuredmedia":[{"embeddable":true,"href":"https:\/\/green-family.pt\/darphin\/wp-json\/wp\/v2\/media\/2792"}],"wp:attachment":[{"href":"https:\/\/green-family.pt\/darphin\/wp-json\/wp\/v2\/media?parent=481"}],"wp:term":[{"taxonomy":"product_cat","embeddable":true,"href":"https:\/\/green-family.pt\/darphin\/wp-json\/wp\/v2\/product_cat?post=481"},{"taxonomy":"product_tag","embeddable":true,"href":"https:\/\/green-family.pt\/darphin\/wp-json\/wp\/v2\/product_tag?post=481"}],"curies":[{"name":"wp","href":"https:\/\/api.w.org\/{rel}","templated":true}]}}